rd derivative of d**4/24 - 7*d**3/6 - 39*d**2. Let a(o) = -1. Let k(r) = 5*a(r) - f(r). Suppose 0 = 7*q - 3 + 17. Calculate k(q).
4
Let d = -36 + 34. Let k be (-8604)/(-132) - d/(-11). Let y(x) = x**2 + k + 2*x - 71 - 3*x. Calculate y(0).
-6
Let h = 5 + -9. Let y(s) = -21*s**3 - 7*s**2 - 7*s - 5. Let g(d) = 47*d**3 + 15*d**2 + 16*d + 10. Let u(p) = -4*g(p) - 9*y(p). What is u(h)?
-7
Let h(j) = j**2 - 2*j + 92. Let k = -546 - -546. What is h(k)?
92
Let t(x) be the second derivative of -5/6*x**3 + 21*x + 0 + 63/2*x**2. Let g be t(12). Let p(o) = -o**3 + 4*o**2 - 2*o - 2. Determine p(g).
1
Let w = -197 - -348. Let d = 155 - w. Let z(i) = -i**2 + 7*i - 6. Determine z(d).
6
Let m(n) = 4*n**3 - n**2 - n. Let b be m(-1). Suppose 35*g = 29*g + 78. Let c(l) = 27*l + 11 - 28*l - g. Calculate c(b).
2
Let c(n) = -25*n**2 + 540 + 3*n + 540 - 1083. What is c(1)?
-25
Let h be 34/6 - (-5)/15. Let c be (7 + -2)*h/(-5). Let r(o) = -o**2 - 7*o - 7. What is r(c)?
-1
Let o(c) = -c**2 - 14*c - 45. Let t be o(-7). Suppose 2*y + 2 = -t*j, 7*j = -5*y + 4*j - 5. Let v(q) = 2*q**3 + q**2 + q. Calculate v(y).
-2
Let w = 172 - 165. Let x(o) = o**2 + o - 53. Let c be x(w). Let p(v) = -4. Let t(h) = -h + 8. Let f(r) = 5*p(r) + 3*t(r). Calculate f(c).
-5
Suppose 0 = 23*p + p - 144. Let m(q) = -q - 12. Let j(s) = -s - 1. Let z(d) = -5*j(d) + m(d). Calculate z(p).
17
Let r(m) be the second derivative of m**5/20 - m**4/2 - m**3/2 + m**2 - 14*m + 12. Suppose -42*x + 12 = -40*x. What is r(x)?
-16
Let o(s) = -s**3 + 15*s**2 - 25*s - 6. Suppose 0 = 44*k + 25*k - 31*k - 494. Calculate o(k).
7
Let y(l) = -l**2 + 6*l - 31. Let d = 15550 - 15541. What is y(d)?
-58
Let m(y) = -384*y - 4609. Let z be m(-12). Let a(t) = -48*t + 1. Determine a(z).
49
Let b(i) = -i**2 - 9*i - 2. Let u(c) = -2*c**2 - 18*c - 2. Let v(q) = -q**3 - 13*q**2 + 15*q + 11. Let w be v(-14). Let y(x) = w*u(x) + 7*b(x). Calculate y(-8).
0
Let d(s) = 11*s**3 - 73*s**2 + 10*s + 9. Let q(o) = -10*o**3 + 69*o**2 - 10*o - 8. Let p(c) = -12*d(c) - 13*q(c). What is p(-11)?
7
Let c be (4/(-16) - -1)*(11 + 1). Let k(m) = -m**2 + 19*m - 79. Give k(c).
11
Let c(b) = -2*b + 2. Let m(t) = 7*t + 115. Let r be m(-3). Suppose -160 = -74*g + r*g. What is c(g)?
18
Let m(r) be the first derivative of -4*r**2 - 8*r - 657. Calculate m(-2).
8
Suppose 2*b + 94 = 2*a, -4*b = 2*a - a - 47. Suppose -a*v + 34 = -13. Let n(s) = -7*s**2 - s. Calculate n(v).
-8
Let c(k) = -5*k**2 - 22*k + 29. Let r(h) = -13*h**2 - 48*h + 64. Let w(z) = 13*c(z) - 6*r(z). What is w(2)?
49
Let b(f) = -15*f**3 - 10*f**2 - 3*f + 22. Let l(m) = 7*m**3 + m**2 - m + 1. Let i(y) = -b(y) - 2*l(y). Calculate i(-7).
-10
Let g be (-28)/182 + 465/65. Suppose -5*b - 35 = -5*h, -3*h + g = -2*b - 11. Let r(l) be the third derivative of l**4/12 + l**3/3 - l**2. What is r(b)?
-4
Let q(k) = 36*k**2 - 1. Suppose y - 3*l - 2 = 5, 2*l + 5 = y. What is q(y)?
35
Let z = 7565 + -7569. Let f(i) = i**3 + 4*i**2 + i + 13. Give f(z).
9
Let m = 26889 + -26879. Let v(o) = o + 16 + 0 - 2*o - 4*o. Let q(z) = 9*z - 31. Let t(f) = -4*q(f) - 7*v(f). Calculate t(m).
2
Let c(f) = 14*f**3 - 25*f + 83. Let k be c(4). Let r = -877 + k. Let t(v) = 3*v - 1. Calculate t(r).
5
Let p(s) = 21*s + 72. Let i(f) = 11*f + 45. Let r(u) = 5*i(u) - 3*p(u). Calculate r(-6).
57
Let z(c) = -2*c**3 + 94 + 248*c - 245*c - 102 + 10*c**2. Calculate z(5).
7
Let i = -4730 + 4736. Let g(m) be the first derivative of -1/3*m**3 - i*m + 19 + 7/2*m**2. What is g(7)?
-6
Suppose -21*v - 22 = -358. Suppose v*l = 12*l - 28. Let r(s) = -1 - 15*s + 1 + 12*s. Calculate r(l).
21
Let g(o) be the second derivative of -o**4/12 + o**3 - 7*o**2/2 + 2554*o. Calculate g(8).
-23
Suppose -4*u - 2 = -p, -5*p = 5*u - 79 + 119. Let r(n) = 7*n + 79. Give r(p).
37
Let w = -69 - -147. Let j(v) = 162 - v - 74 - w. Suppose -23 = -3*c - 2. Give j(c).
3
Let k be (6 - 5)*2 + 1 + 9 + -6. Let n(x) be the second derivative of 5/6*x**3 - 3*x + 0 - 3*x**2. What is n(k)?
24
Let x(o) = o**3 - 10*o**2 + 12*o - 3. Suppose g = -b + 8, 4*g - 1148 = -5*b - 1115. Determine x(g).
-66
Let q be (-4 - 35/(-5)) + -1. Let k(g) = -4*g**3 + g**2 - 2*g + 3. Determine k(q).
-29
Let h(o) = -o**2 + 5*o - 5. Suppose -1559 = -14*z + 1045. Let l = z - 181. Calculate h(l).
-5
Let a(w) = 48*w + 1615. Let h(g) = -316. Let t(q) = a(q) + 6*h(q). Calculate t(6).
7
Let s(q) = -4*q**3 - 6*q**2 - 4*q + 3. Let t(w) = -w**3 + w**2 + w + 3. Let b(h) = -s(h) + 3*t(h). What is b(-9)?
-57
Let y(d) = -579*d - 40. Let b(q) = -773*q - 52. Let w(s) = -3*b(s) + 4*y(s). Suppose -2*l - l = -15. Give w(l).
11
Let o = -6816 + 6805. Let x(q) = 2*q**2 + 22*q - 1. What is x(o)?
-1
Let h(l) = l**3 + 5*l**2 + 4*l - 1. Let w(t) be the third derivative of -t**5/60 + 5*t**4/12 - 13*t**3/6 + 31*t**2. Let q be w(9). Determine h(q).
-1
Let j(d) = 4*d**2 - 12 + 3*d + 2 + 21 - 14. Calculate j(1).
4
Let m(z) = -z + 12. Suppose 21*r - 24 - 79 = 2. What is m(r)?
7
Suppose 8 + 0 = -2*s, -3*o = 2*s - 421. Let g(d) = -o*d + 142*d - 19 + 12. Calculate g(-6).
-1
Let a(r) be the third derivative of -r**6/120 + r**5/15 - r**3/2 - 578*r**2. What is a(4)?
-3
Let g(q) = q**3 + 9*q**2 - 24*q - 21. Suppose -350 = 26*n - 64. Calculate g(n).
1
Let t(w) = 6*w - 15. Let u be (-4)/(-28) - ((-396)/(-77) + -14). Give t(u).
39
Let d = -4096 - -4096. Let v(h) = h**2 + 2*h + 9. Determine v(d).
9
Suppose -12*m - 1009 = 71. Let y be (m/(-75))/((-1)/(-5)). Let u(b) = -3*b + 9. What is u(y)?
-9
Let a(g) be the second derivative of -g**4/12 + 4*g**3/3 - g**2 + 3220*g - 1. Suppose 0 = 2*c - 2*l - 4, -c - 3*c = 5*l - 44. Determine a(c).
10
Let w(p) = 2*p**2 + 72*p + 642. Let k be w(-20). Let s(j) = j**3 + 23*j**2 - 48*j + 2. Give s(k).
6
Let k(d) = -13*d + 1. Suppose -2*q + 3*c - 16 = c, 0 = 2*q - c + 16. Let l be q/(-68) + 60/68. Determine k(l).
-12
Let k(c) = 2*c + 22. Let v be 12 - ((-108)/(-12) + -3) - (14 - 1). Calculate k(v).
8
Let r(q) = -q**3 + q**2. Let v(y) = -5*y**3 - 5*y**2 - y + 11. Let f(k) = -4*r(k) + v(k). Let c = 11 - -34. Suppose 0 = 14*g - 19*g - c. Determine f(g).
20
Let v(t) = t**3 + 20*t**2 - 43*t + 21. Let c be v(-22). Let p(j) = -20*j**3 + 3*j**2 + 3*j + 1. Calculate p(c).
21
Let r = 58 + -109. Let w = r - -54. Let a(c) = 0*c + 8*c + 2*c**w - 5 - c**3 - 2*c**3 + 6*c**2. What is a(7)?
2
Let x(d) be the third derivative of -7*d**4/24 + 17*d**3/6 - 7660*d**2. Determine x(-5).
52
Let w(d) = 11*d**2 - 18*d + 24. Let i(n) = -31*n**2 + 53*n - 71. Let k be (-36)/10*10/(-6). Let v(h) = k*i(h) + 17*w(h). Give v(-13).
-5
Let d(h) = 324*h + 9*h**2 - 324*h - 36911 + 36906. Calculate d(-3).
76
Let r = -24 - -27. Let k = 133 + -115. Suppose -k = r*b - 36. Let n(j) = j**2 - 2*j + 1. Give n(b).
25
Suppose 230*f + 294 = 785 + 659. Let z(k) be the first derivative of k**2/2 - 10*k + 4. Give z(f).
-5
Let p(h) be the third derivative of -h**5/30 - 23*h**4/12 - 8*h**3/3 + 4820*h**2. Give p(-22).
28
Let b(c) be the third derivative of -c**5/15 - 8*c**2. Let w(i) = 8*i - 151. Let p be w(19). What is b(p)?
-4
Let b(r) = -3*r + 46. Suppose -4*k = 27*k - 155. Determine b(k).
31
Let c = -1 + 1. Let f(u) be the second derivative of -u**3/6 - 721*u. Let i be f(c). Let l(j) = j**2 + 2. Give l(i).
2
Let a(m) = m + m + 7 - 4. Let j(s) = 17*s. Let z(v) = -76*v + 1. Let i(c) = 9*j(c) + 2*z(c). Let x(y) = 6*a(y) - 13*i(y). Determine x(-7).
-1
Let h(t) = t**2 - 3*t. Let o = 6312 + -6309. What is h(o)?
0
Let b(s) = 127*s - 53*s - 65*s - 194. What is b(21)?
-5
Suppose -53*v = -0*v + 13*v + 594. Let m(b) be the first derivative of -b**4/4 - 8*b**3/3 + 4*b**2 + 2*b + 1. Calculate m(v).
11
Suppose -4*r + 8 = -6*d + 10*d, 2*r = 6*d - 52. Let q(m) = m**3 + 3*m**2 + 6*m + 4. Determine q(r).
-76
Let w = -492 - -497. Let d(j) = -53*j + 103*j - 53*j + w. Suppose 3*r + 2*r - 30 = 0. What is d(r)?
-13
Let w(g) = g**3 + 2*g**2 - g. Let p(x) = -x**3 - 13*x**2 - 20*x - 5. Let v be p(-11). Let n be v/36 - 19/(-4). Let c be (12/(-8))/(2/n). Determine w(c).
-6
Suppose -358 = -186*v - 2561 - 29. Let o(r) = -10*r - 133. Determine o(v).
-13
Let r(o) = 7*o + 3. Let v be r(0). Let i be 52/16 + 1/(-4). Let h(x) = i*x**3 - 3*x - 1 + 5*x**2 - 4*x**3 + x. Give h(v).
11
Suppose -k + 1 = 8*v - 7*v, -3*k - 9 = -v. Let r(d) = -2*d + v - 1302*d**2 + 1293*d**2 - d**3 - 8*d. Give r(-7).
-25
Suppo